 third derivative of -l**4/8 - l**3 + 2*l**2. Suppose 0 = -5*g + g. Suppose -5*j + 10*j + 20 = g. What is m(j)?
6
Let d(g) be the third derivative of -g**5/60 - 3*g**3/2 - 88*g**2. Let z(y) = -y + 6. Let o be z(6). Give d(o).
-9
Let c(v) be the second derivative of -v**8/1120 + v**7/1260 - v**6/720 - v**4/4 + v. Let f(l) be the third derivative of c(l). Let s = 2 + -1. What is f(s)?
-5
Let s be (-1)/3 + (-13)/(-3). Let g(l) = -l. Determine g(s).
-4
Let z(q) = 7*q - 2. Let o(h) = -h - 1. Let b(n) = 6*o(n) + z(n). Let f be b(10). Let j(m) = 0 - 1 - m - f. Calculate j(-2).
-1
Suppose -45 = -4*u - u. Let q(g) = g**2 - 8*g - 4. Let c be q(u). Suppose -c = -5*l, -5*x - 3*l + 34 = 1. Let i(f) = f**3 - 5*f**2 - 7*f + 7. Determine i(x).
1
Let w(g) = -2*g + 5. Let x be (-3 - 0)/(6/(-40)). Suppose -x = -5*f, a = 2*a - 3*f + 7. Give w(a).
-5
Let k(u) = -u**2 - 4*u + 2. Let i = -21 + 17. What is k(i)?
2
Let z(g) = -g**3 + 10 + 4*g - 21 + 9 + g**2. What is z(3)?
-8
Let a(q) be the second derivative of -q**5/20 - q**4/12 + q**3/2 - q**2/2 - 2*q. What is a(2)?
-7
Let z(p) = -p**2 + 5*p - 3. Let r be 2 - -1 - (-3 - -3). Suppose -18 - 6 = -r*n - 3*l, -3*l = -5*n + 8. Let d be z(n). Let m(u) = -4*u. Determine m(d).
-4
Let r(z) = 8*z**3 + 4*z**2 - 14*z**3 - 5 + 7*z**3 - 5*z. Give r(-5).
-5
Let q be 2/8 - 50/8. Let o(j) = 6*j + 0*j + 8*j + 8 - 6*j + j**2. Calculate o(q).
-4
Let c be 5/4 + (-18)/(-24). Let g(t) = -1. Let l(w) = -3*w - 2*w + 2*w. Let i(r) = 2*g(r) - 2*l(r). Calculate i(c).
10
Let a(y) = y - 4*y - 3*y. Suppose -2 = -3*f + 10. Let x(g) = g - 5. Let k be x(f). Give a(k).
6
Let g(y) be the second derivative of -y**5/20 - y**4/12 - 4*y**2 + y. Let n(c) = c**2 + 9*c. Let k be n(-9). What is g(k)?
-8
Let a(p) be the third derivative of -p**2 - 1/24*p**4 - 1/6*p**3 + 0*p + 0. Give a(4).
-5
Let u be -1 + 1 - (5 - 9). Let m be ((-3)/(-4))/(3/12). Let c(j) = j + 2*j - 2 + m*j**2 - 4*j**2 + 7. Determine c(u).
1
Let c = -52 - -56. Let y(j) = j + 3. Calculate y(c).
7
Let o be 3/(3/(-2)*-1). Let s(c) = -c + 7*c - 9*c + o - c**2. What is s(-3)?
2
Let t be (-45)/10 - (-4)/8. Let u(k) = k**2 + 5*k + 5. What is u(t)?
1
Let r(y) be the second derivative of y**4/12 - 5*y**3/6 - 3*y**2 - y. Let s be r(6). Let t(d) = d**2 + 4 - 21*d + 22*d - 3*d**2 + d**2. Give t(s).
4
Suppose 34 = -4*d - 2*u + 92, -3*u = 2*d - 31. Suppose 0 = -4*n - 20, 2*n + d = -z. Let x(m) = -6 + 1 - 4*m**2 - 2*m + 1 - m**3. Determine x(z).
4
Let u(f) = -f + 1. Suppose 0 = -p + 3. Suppose 5*o + 5*g - 35 = 0, o = -0*o + g - p. Calculate u(o).
-1
Let x = 15 + -8. Let p(h) = 3 - 3 - x*h**3 - 2*h**2 + 3 - 2. Calculate p(-1).
6
Let y(o) = -4*o**3 + 8*o**2 - 7*o + 5. Let r(j) = -3*j**3 + 7*j**2 - 6*j + 4. Let n(z) = 3*r(z) - 2*y(z). Determine n(4).
2
Suppose 2*k + 9 = k - 2*x, k = 3*x + 16. Let t be ((-8)/10)/(k/5). Let d be (1 - (-2 + 2)) + t. Let w(i) = i**3 + 2*i**2 - 4*i - 3. What is w(d)?
0
Let p(h) be the second derivative of -h**5/20 + h**4/12 - h**2 - 19*h. Give p(2).
-6
Let z(l) = l**2 + 4*l + 2. Let w be -35 + 22 - -1*1. Let c be -2 - (-2)/((-2)/(-9)). Let p = w + c. What is z(p)?
7
Suppose -5*z = -4*q + 11, -5*z - 4*q - 15 = 4. Let a(p) = 2*p - 3 + 3 + p**2 - 2. Give a(z).
1
Let j = 0 + -2. Let i = 0 - j. Let t(w) = 6*w**2 + 15*w + 6. Let d(n) = n**2 + 3*n + 1. Let s(p) = 11*d(p) - 2*t(p). Calculate s(i).
1
Let b(d) = 7*d**3 - d**2. Let f be (-2)/(-7) + 6/(-21). Suppose -3*g - 5*o + 23 = 0, 4*g = 3*o - f*o - 8. Calculate b(g).
6
Let m(l) be the second derivative of -l**3 + 1/12*l**4 + 2*l + 2*l**2 + 0. Calculate m(3).
-5
Let x = 4 + 0. Let g(r) = r**3 - 3*r**2 - 3*r - 1. What is g(x)?
3
Let v = 15 + -28. Let z = 15 + v. Let b(c) = 2*c**2 - c - c**3 + 3 + 0*c**2 - 2. Determine b(z).
-1
Let m(a) be the first derivative of a**5/120 - a**4/24 - a**3/3 + 1. Let p(g) be the third derivative of m(g). Let z = 1 - -2. Give p(z).
2
Let u = -2 - -4. Suppose u*i + i + 9 = 0. Let z(f) = f**3 + 2*f**2. Calculate z(i).
-9
Let r = 10 + -15. Let u = 8 + r. Let h(w) be the second derivative of w**4/12 - w**3/2 + 3*w**2/2 + 7*w + 3. Determine h(u).
3
Suppose -2*t + 2*r + 2*r - 14 = 0, r = 5*t - 10. Let x(g) = 2*g - 4. Determine x(t).
2
Let q(r) = r**2 - r - 7. Let z(p) be the first derivative of p**3/3 - 6*p + 1. Let w(j) = 3*q(j) - 4*z(j). What is w(2)?
-7
Let b(d) = 44*d - 88*d + 45*d - 5. Calculate b(-6).
-11
Let p(g) be the third derivative of g**8/5040 - g**7/2520 + g**6/720 - g**5/60 + 2*g**2. Let m(q) be the third derivative of p(q). Give m(1).
3
Let w(z) be the second derivative of 3*z - 1/2*z**3 + 0 - 1/2*z**2. Let a = 2 - 5. Determine w(a).
8
Let u(r) be the third derivative of r**6/120 - r**5/60 - r**4/12 + 7*r**2. Determine u(-2).
-8
Suppose 4*n = 2*m + 6, -4*m + 5*n = 1 + 11. Let b = m - 2. Let k(a) be the first derivative of -a**2 - 4*a + 1. Calculate k(b).
6
Let c(y) be the first derivative of y**3/3 + 3*y**2 - 2*y + 2. What is c(-5)?
-7
Suppose 3*h - 3*z = -2*h, h = 4*z - 17. Let a(t) = -t**h + 6 + 10*t**2 + t - 3*t**2 + t - 6*t. Determine a(6).
18
Let u(c) = -7*c + 49. Let i(s) = s - 6. Let m(q) = -49*i(q) - 6*u(q). Let f = 7 - 6. Give m(f).
-7
Let f = -11 - -12. Let z(y) = 2*y**2 + 0*y**2 + 3*y**3 + 1 - 2*y + 3*y**3. Calculate z(f).
7
Let l be 10/(-3)*90/(-25). Suppose -3*x + 7*x = l. Let c(w) = x*w**2 + 1 - 2*w**2 - 3*w + 0. Determine c(3).
1
Let z(w) = -w**3 + 4*w**2 - 4*w + 4. Let q(f) = f - 7. Let s(j) = 4*j + 2. Let x be s(2). Let b be q(x). Determine z(b).
1
Let v(y) = y**2 - 2*y - 1. Let f(r) = r**3 - 2*r**2 - 2*r + 1. Let i be f(3). Calculate v(i).
7
Let z = 24 + -30. Let u(d) = d - 3. Give u(z).
-9
Let p(g) = g**2 - 7. Let h be p(0). Let x(j) = j**3 + 6*j**2 - 6*j + 10. Give x(h).
3
Let v(y) = -8*y + 1. Let a(f) = 17*f - 1. Let t(b) = 6*a(b) + 13*v(b). Let r be ((1 - 2)*-5)/1. Give t(r).
-3
Let c(j) = -7 + 2 - j**2 - 6*j + 3 - 4. Let k be 8/(-3)*(-21)/(-14). Give c(k).
2
Suppose -2*q = 3*q + 5. Let x(y) = -2*y**3 + y**2 + y. What is x(q)?
2
Let u(i) = 7 - 4*i**2 + i**2 + 2*i**2 + i + 0. Let f be 0*1/(-1 - 0). What is u(f)?
7
Let f(u) = u - 7. Suppose -7 = -4*r + 3*r. Give f(r).
0
Let v = -3 - -3. Let q(i) = i - 15. Calculate q(v).
-15
Let m(n) = -12*n - 10*n + 16*n. Calculate m(-2).
12
Let r(h) = -3*h + 24. Let j be r(6). Let o(y) = -2*y + 8. Give o(j).
-4
Let d(l) = l**2 + 8*l + 13. Let c(p) = -p**2 - 8*p - 12. Let k(z) = 6*c(z) + 5*d(z). Let g(m) = -3*m + 6. Let r be g(4). Determine k(r).
5
Let s be (-20)/(-2)*6/15. Suppose t = s*t. Let g(r) = -r**2 + r - 10. What is g(t)?
-10
Let z(u) = -u**2 + 3*u. Suppose 0 = -3*g + 2*g. Suppose 0*t + t = g. Let o be (t + 1)/(3/9). Calculate z(o).
0
Let o(j) be the second derivative of -j**3/6 - 4*j. Calculate o(1).
-1
Let h(i) = -7 + 3 + 0*i - i. Let t be (-1)/(2/12*-2). Calculate h(t).
-7
Suppose x = 4*x. Let h(y) = 4*y - 2*y - 4 + x*y. Give h(6).
8
Let m(t) = 6 - t + 0 + 0. Let k be ((-12)/(-8))/((-2)/(-4)). Suppose -k*p + 14 = 4*c, 3*c - 5*p - 25 = -0*p. Give m(c).
1
Let k(a) be the third derivative of a**4/24 + 16*a**2. Calculate k(7).
7
Let g(o) = -7*o + 7. Let v(w) = -4*w + 3. Let t(h) = -3*g(h) + 5*v(h). Determine t(0).
-6
Suppose 3*i - 15 = -3*x, -6*i + 5*i = -x - 3. Let h(t) = -t**2 + 5*t + 2*t**2 - 2*t**2 - 4. Give h(i).
0
Suppose 0 = -5*v - 3 - 2. Suppose p + 2 = 4. Let i(l) = 0*l + p + 2*l**3 - 1 + l. Calculate i(v).
-2
Let s(p) = p**2 + 3*p - 4. Let a = 58 + -63. Calculate s(a).
6
Let v(o) = 6*o**3 + o**2 - 2*o + 1. Let a = 15 + -26. Let t = -10 - a. Determine v(t).
6
Let w(s) = s**2 - s - 11. Suppose 9*l = 6*l. What is w(l)?
-11
Let j(v) be the second derivative of v**5/10 + v**4/12 - v**2/2 - 4*v. Calculate j(-1).
-2
Let h(c) = 2*c**2 - 2*c**2 + 8*c + c**2 + 9. Determine h(-6).
-3
Let z(p) = -p**3 - 5*p**2 - p + 9. Let s be z(-3). Let k(n) = n**3 + 6*n**2 - 2*n - 5. What is k(s)?
7
Let i(v) = -v**2 - 5*v + 6. Let a be 2*225/(-66) + 4/(-22). Give i(a).
-8
Let m(y) = -y**2 + y + 3. Let c(z) = -z - 3 + 0 - z - 4. Let t be c(-5). Give m(t).
-3
Let z(r) = r**3 - 19*r**2 + r - 17. Let l be z(19). Let u(c) = -2*c - 2. Give u(l).
-6
Suppose -5*j + 20 = 2*q, 2*j + 12 = 5*j + 4*q. Let i(z) = -z**3 + 5*z**2 - z - 5. Calculate i(j).
7
Let g(x) = x**2. Let u(w) = w**3 - w + 2. Let p be u(0). What is g(p)?
4
Let q(a) = 3*a. Let s(n) = n + 17. 